{"id":10518,"date":"2021-02-26T17:44:40","date_gmt":"2021-02-26T16:44:40","guid":{"rendered":"http:\/\/www.re-elektroshop.at\/?product=leistungsschuetz-185kw-40a-ac3-2s-2oe-230vac-2-2"},"modified":"2021-02-26T17:44:43","modified_gmt":"2021-02-26T16:44:43","slug":"leistungsschuetz-185kw-40a-ac3-2s-2oe-230vac-2-2","status":"publish","type":"product","link":"https:\/\/www.re-elektroshop.at\/?product=leistungsschuetz-185kw-40a-ac3-2s-2oe-230vac-2-2","title":{"rendered":"Leistungssch\u00fctz, 18,5kW, 40A AC3, 2S + 2\u00d6, 230VAC, 2"},"content":{"rendered":"<p>LSU240C3&#8211;<\/p>\n<p>LSU Sch\u00fctze mit 2 Schlie\u00dfern und 2 \u00d6ffnern, 4-polig, Baugr\u00f6\u00dfe 00 \/ 0 \/ 2Elektromechanische Sch\u00fctze Serie ALEA LS<\/p>\n","protected":false},"excerpt":{"rendered":"<p>LSU240C3&#8211; LSU Sch\u00fctze mit 2 Schlie\u00dfern und 2 \u00d6ffnern, 4-polig, Baugr\u00f6\u00dfe 00 \/ 0 \/ 2Elektromechanische Sch\u00fctze Serie ALEA LS<\/p>\n","protected":false},"featured_media":10519,"comment_status":"closed","ping_status":"open","template":"","meta":[],"_links":{"self":[{"href":"https:\/\/www.re-elektroshop.at\/index.php?rest_route=\/wp\/v2\/product\/10518"}],"collection":[{"href":"https:\/\/www.re-elektroshop.at\/index.php?rest_route=\/wp\/v2\/product"}],"about":[{"href":"https:\/\/www.re-elektroshop.at\/index.php?rest_route=\/wp\/v2\/types\/product"}],"replies":[{"embeddable":true,"href":"https:\/\/www.re-elektroshop.at\/index.php?rest_route=%2Fwp%2Fv2%2Fcomments&post=10518"}],"wp:featuredmedia":[{"embeddable":true,"href":"https:\/\/www.re-elektroshop.at\/index.php?rest_route=\/wp\/v2\/media\/10519"}],"wp:attachment":[{"href":"https:\/\/www.re-elektroshop.at\/index.php?rest_route=%2Fwp%2Fv2%2Fmedia&parent=10518"}],"curies":[{"name":"wp","href":"https:\/\/api.w.org\/{rel}","templated":true}]}}