{"id":12769,"date":"2021-02-26T18:33:01","date_gmt":"2021-02-26T17:33:01","guid":{"rendered":"http:\/\/www.re-elektroshop.at\/?product=videoverteiler-fuer-videoanlagen-simplebus"},"modified":"2021-02-26T18:33:01","modified_gmt":"2021-02-26T17:33:01","slug":"videoverteiler-fuer-videoanlagen-simplebus","status":"publish","type":"product","link":"https:\/\/www.re-elektroshop.at\/?product=videoverteiler-fuer-videoanlagen-simplebus","title":{"rendered":"Videoverteiler f\u00fcr Videoanlagen Simplebus"},"content":{"rendered":"<p>SP483490&#8211;<\/p>\n<p>IKALL Videoverteiler f\u00fcr mehrere Haupt- und Neben-Au\u00dfenstellenAu\u00dfenstelle IKALL<\/p>\n","protected":false},"excerpt":{"rendered":"<p>SP483490&#8211; IKALL Videoverteiler f\u00fcr mehrere Haupt- und Neben-Au\u00dfenstellenAu\u00dfenstelle IKALL<\/p>\n","protected":false},"featured_media":12770,"comment_status":"closed","ping_status":"open","template":"","meta":[],"_links":{"self":[{"href":"https:\/\/www.re-elektroshop.at\/index.php?rest_route=\/wp\/v2\/product\/12769"}],"collection":[{"href":"https:\/\/www.re-elektroshop.at\/index.php?rest_route=\/wp\/v2\/product"}],"about":[{"href":"https:\/\/www.re-elektroshop.at\/index.php?rest_route=\/wp\/v2\/types\/product"}],"replies":[{"embeddable":true,"href":"https:\/\/www.re-elektroshop.at\/index.php?rest_route=%2Fwp%2Fv2%2Fcomments&post=12769"}],"wp:featuredmedia":[{"embeddable":true,"href":"https:\/\/www.re-elektroshop.at\/index.php?rest_route=\/wp\/v2\/media\/12770"}],"wp:attachment":[{"href":"https:\/\/www.re-elektroshop.at\/index.php?rest_route=%2Fwp%2Fv2%2Fmedia&parent=12769"}],"curies":[{"name":"wp","href":"https:\/\/api.w.org\/{rel}","templated":true}]}}