{"id":12929,"date":"2021-02-26T18:36:38","date_gmt":"2021-02-26T17:36:38","guid":{"rendered":"http:\/\/www.re-elektroshop.at\/?product=blitz-ueberspannungsableiter-31-ttiii300v75kah-sich"},"modified":"2021-02-26T18:36:38","modified_gmt":"2021-02-26T17:36:38","slug":"blitz-ueberspannungsableiter-31-ttiii300v75kah-sich","status":"publish","type":"product","link":"https:\/\/www.re-elektroshop.at\/?product=blitz-ueberspannungsableiter-31-ttiii300v75kah-sich","title":{"rendered":"Blitz-\/\u00dcberspannungsableiter 3+1 TT,I+II,300V,7,5kA+H + Sich"},"content":{"rendered":"<p>IS211163-A<\/p>\n<p>Blitzstromableiter (T1) &#038; \u00dcberspannungsableiter (T2) f\u00fcr TT NetzsystemBlitzstromableiter und \u00dcberspannungsableiter<\/p>\n","protected":false},"excerpt":{"rendered":"<p>IS211163-A Blitzstromableiter (T1) &#038; \u00dcberspannungsableiter (T2) f\u00fcr TT NetzsystemBlitzstromableiter und \u00dcberspannungsableiter<\/p>\n","protected":false},"featured_media":0,"comment_status":"closed","ping_status":"open","template":"","meta":[],"_links":{"self":[{"href":"https:\/\/www.re-elektroshop.at\/index.php?rest_route=\/wp\/v2\/product\/12929"}],"collection":[{"href":"https:\/\/www.re-elektroshop.at\/index.php?rest_route=\/wp\/v2\/product"}],"about":[{"href":"https:\/\/www.re-elektroshop.at\/index.php?rest_route=\/wp\/v2\/types\/product"}],"replies":[{"embeddable":true,"href":"https:\/\/www.re-elektroshop.at\/index.php?rest_route=%2Fwp%2Fv2%2Fcomments&post=12929"}],"wp:attachment":[{"href":"https:\/\/www.re-elektroshop.at\/index.php?rest_route=%2Fwp%2Fv2%2Fmedia&parent=12929"}],"curies":[{"name":"wp","href":"https:\/\/api.w.org\/{rel}","templated":true}]}}