{"id":12934,"date":"2021-02-26T18:36:46","date_gmt":"2021-02-26T17:36:46","guid":{"rendered":"http:\/\/www.re-elektroshop.at\/?product=standardkabelsatz-zsf-3-polig-weidmueller-steckverbinder"},"modified":"2021-02-26T18:36:46","modified_gmt":"2021-02-26T17:36:46","slug":"standardkabelsatz-zsf-3-polig-weidmueller-steckverbinder","status":"publish","type":"product","link":"https:\/\/www.re-elektroshop.at\/?product=standardkabelsatz-zsf-3-polig-weidmueller-steckverbinder","title":{"rendered":"Standardkabelsatz ZSF, 3-polig (Weidm\u00fcller Steckverbinder)"},"content":{"rendered":"<p>IS211163-Z<\/p>\n<p>Blitzstromableiter (T1) &#038; \u00dcberspannungsableiter (T2) f\u00fcr TT NetzsystemBlitzstromableiter und \u00dcberspannungsableiter<\/p>\n","protected":false},"excerpt":{"rendered":"<p>IS211163-Z Blitzstromableiter (T1) &#038; \u00dcberspannungsableiter (T2) f\u00fcr TT NetzsystemBlitzstromableiter und \u00dcberspannungsableiter<\/p>\n","protected":false},"featured_media":0,"comment_status":"closed","ping_status":"open","template":"","meta":[],"_links":{"self":[{"href":"https:\/\/www.re-elektroshop.at\/index.php?rest_route=\/wp\/v2\/product\/12934"}],"collection":[{"href":"https:\/\/www.re-elektroshop.at\/index.php?rest_route=\/wp\/v2\/product"}],"about":[{"href":"https:\/\/www.re-elektroshop.at\/index.php?rest_route=\/wp\/v2\/types\/product"}],"replies":[{"embeddable":true,"href":"https:\/\/www.re-elektroshop.at\/index.php?rest_route=%2Fwp%2Fv2%2Fcomments&post=12934"}],"wp:attachment":[{"href":"https:\/\/www.re-elektroshop.at\/index.php?rest_route=%2Fwp%2Fv2%2Fmedia&parent=12934"}],"curies":[{"name":"wp","href":"https:\/\/api.w.org\/{rel}","templated":true}]}}