{"id":13548,"date":"2021-02-27T10:34:58","date_gmt":"2021-02-27T09:34:58","guid":{"rendered":"http:\/\/www.re-elektroshop.at\/?product=zaehlerverteiler-einsatz-2-21e-2-zaehlerplaetze-steiermark"},"modified":"2021-02-27T10:34:58","modified_gmt":"2021-02-27T09:34:58","slug":"zaehlerverteiler-einsatz-2-21e-2-zaehlerplaetze-steiermark","status":"publish","type":"product","link":"https:\/\/www.re-elektroshop.at\/?product=zaehlerverteiler-einsatz-2-21e-2-zaehlerplaetze-steiermark","title":{"rendered":"Z\u00e4hlerverteiler Einsatz 2-21E, 2 Z\u00e4hlerpl\u00e4tze, Steiermark"},"content":{"rendered":"<p>IL198221&#8211;<\/p>\n<p>Modul 2000 &#8211; Z\u00e4hlerverteiler SteiermarkSteiermark<\/p>\n","protected":false},"excerpt":{"rendered":"<p>IL198221&#8211; Modul 2000 &#8211; Z\u00e4hlerverteiler SteiermarkSteiermark<\/p>\n","protected":false},"featured_media":13549,"comment_status":"closed","ping_status":"open","template":"","meta":[],"_links":{"self":[{"href":"https:\/\/www.re-elektroshop.at\/index.php?rest_route=\/wp\/v2\/product\/13548"}],"collection":[{"href":"https:\/\/www.re-elektroshop.at\/index.php?rest_route=\/wp\/v2\/product"}],"about":[{"href":"https:\/\/www.re-elektroshop.at\/index.php?rest_route=\/wp\/v2\/types\/product"}],"replies":[{"embeddable":true,"href":"https:\/\/www.re-elektroshop.at\/index.php?rest_route=%2Fwp%2Fv2%2Fcomments&post=13548"}],"wp:featuredmedia":[{"embeddable":true,"href":"https:\/\/www.re-elektroshop.at\/index.php?rest_route=\/wp\/v2\/media\/13549"}],"wp:attachment":[{"href":"https:\/\/www.re-elektroshop.at\/index.php?rest_route=%2Fwp%2Fv2%2Fmedia&parent=13548"}],"curies":[{"name":"wp","href":"https:\/\/api.w.org\/{rel}","templated":true}]}}