{"id":16430,"date":"2021-02-27T12:40:48","date_gmt":"2021-02-27T11:40:48","guid":{"rendered":"http:\/\/www.re-elektroshop.at\/?product=zeichnungsablage-fuer-800mm-breite-schraenke-stahlblech"},"modified":"2021-02-27T12:40:48","modified_gmt":"2021-02-27T11:40:48","slug":"zeichnungsablage-fuer-800mm-breite-schraenke-stahlblech","status":"publish","type":"product","link":"https:\/\/www.re-elektroshop.at\/?product=zeichnungsablage-fuer-800mm-breite-schraenke-stahlblech","title":{"rendered":"Zeichnungsablage f\u00fcr 800mm breite Schr\u00e4nke, Stahlblech"},"content":{"rendered":"<p>ACDDK800&#8211;<\/p>\n<p>ZeichnungsablagenZubeh\u00f6r f\u00fcr Anreihschr\u00e4nke AC<\/p>\n","protected":false},"excerpt":{"rendered":"<p>ACDDK800&#8211; ZeichnungsablagenZubeh\u00f6r f\u00fcr Anreihschr\u00e4nke AC<\/p>\n","protected":false},"featured_media":16431,"comment_status":"closed","ping_status":"open","template":"","meta":[],"_links":{"self":[{"href":"https:\/\/www.re-elektroshop.at\/index.php?rest_route=\/wp\/v2\/product\/16430"}],"collection":[{"href":"https:\/\/www.re-elektroshop.at\/index.php?rest_route=\/wp\/v2\/product"}],"about":[{"href":"https:\/\/www.re-elektroshop.at\/index.php?rest_route=\/wp\/v2\/types\/product"}],"replies":[{"embeddable":true,"href":"https:\/\/www.re-elektroshop.at\/index.php?rest_route=%2Fwp%2Fv2%2Fcomments&post=16430"}],"wp:featuredmedia":[{"embeddable":true,"href":"https:\/\/www.re-elektroshop.at\/index.php?rest_route=\/wp\/v2\/media\/16431"}],"wp:attachment":[{"href":"https:\/\/www.re-elektroshop.at\/index.php?rest_route=%2Fwp%2Fv2%2Fmedia&parent=16430"}],"curies":[{"name":"wp","href":"https:\/\/api.w.org\/{rel}","templated":true}]}}