{"id":17284,"date":"2021-02-27T13:05:02","date_gmt":"2021-02-27T12:05:02","guid":{"rendered":"http:\/\/www.re-elektroshop.at\/?product=sockel-tiefenteile-paar-inklusive-eckteile-t800-h200mm"},"modified":"2021-02-27T13:05:02","modified_gmt":"2021-02-27T12:05:02","slug":"sockel-tiefenteile-paar-inklusive-eckteile-t800-h200mm","status":"publish","type":"product","link":"https:\/\/www.re-elektroshop.at\/?product=sockel-tiefenteile-paar-inklusive-eckteile-t800-h200mm","title":{"rendered":"Sockel Tiefenteile (Paar) inklusive Eckteile T=800 H=200mm"},"content":{"rendered":"<p>ACSOT082&#8211;<\/p>\n<p>SockelZubeh\u00f6r f\u00fcr Anreihschr\u00e4nke AC<\/p>\n","protected":false},"excerpt":{"rendered":"<p>ACSOT082&#8211; SockelZubeh\u00f6r f\u00fcr Anreihschr\u00e4nke AC<\/p>\n","protected":false},"featured_media":17285,"comment_status":"closed","ping_status":"open","template":"","meta":[],"_links":{"self":[{"href":"https:\/\/www.re-elektroshop.at\/index.php?rest_route=\/wp\/v2\/product\/17284"}],"collection":[{"href":"https:\/\/www.re-elektroshop.at\/index.php?rest_route=\/wp\/v2\/product"}],"about":[{"href":"https:\/\/www.re-elektroshop.at\/index.php?rest_route=\/wp\/v2\/types\/product"}],"replies":[{"embeddable":true,"href":"https:\/\/www.re-elektroshop.at\/index.php?rest_route=%2Fwp%2Fv2%2Fcomments&post=17284"}],"wp:featuredmedia":[{"embeddable":true,"href":"https:\/\/www.re-elektroshop.at\/index.php?rest_route=\/wp\/v2\/media\/17285"}],"wp:attachment":[{"href":"https:\/\/www.re-elektroshop.at\/index.php?rest_route=%2Fwp%2Fv2%2Fmedia&parent=17284"}],"curies":[{"name":"wp","href":"https:\/\/api.w.org\/{rel}","templated":true}]}}