{"id":17932,"date":"2021-02-27T13:23:30","date_gmt":"2021-02-27T12:23:30","guid":{"rendered":"http:\/\/www.re-elektroshop.at\/?product=adapter-fuer-ds-dsz-dss-schraenke-und-tuerkontakt-acdsw010"},"modified":"2021-05-15T14:35:45","modified_gmt":"2021-05-15T12:35:45","slug":"adapter-fuer-ds-dsz-dss-schraenke-und-tuerkontakt-acdsw010","status":"publish","type":"product","link":"https:\/\/www.re-elektroshop.at\/?product=adapter-fuer-ds-dsz-dss-schraenke-und-tuerkontakt-acdsw010","title":{"rendered":"Adapter f\u00fcr DS-, DSZ-, DSS-Schr\u00e4nke und T\u00fcrkontakt ACDSW010"},"content":{"rendered":"<p>DSADA001&#8211;<\/p>\n<p>Beleuchtung mit Anschluss f\u00fcr T\u00fcrkontaktBeleuchtung<\/p>\n","protected":false},"excerpt":{"rendered":"<p>DSADA001&#8211; Beleuchtung mit Anschluss f\u00fcr T\u00fcrkontaktBeleuchtung<\/p>\n","protected":false},"featured_media":17933,"comment_status":"closed","ping_status":"closed","template":"","meta":[],"_links":{"self":[{"href":"https:\/\/www.re-elektroshop.at\/index.php?rest_route=\/wp\/v2\/product\/17932"}],"collection":[{"href":"https:\/\/www.re-elektroshop.at\/index.php?rest_route=\/wp\/v2\/product"}],"about":[{"href":"https:\/\/www.re-elektroshop.at\/index.php?rest_route=\/wp\/v2\/types\/product"}],"replies":[{"embeddable":true,"href":"https:\/\/www.re-elektroshop.at\/index.php?rest_route=%2Fwp%2Fv2%2Fcomments&post=17932"}],"wp:featuredmedia":[{"embeddable":true,"href":"https:\/\/www.re-elektroshop.at\/index.php?rest_route=\/wp\/v2\/media\/17933"}],"wp:attachment":[{"href":"https:\/\/www.re-elektroshop.at\/index.php?rest_route=%2Fwp%2Fv2%2Fmedia&parent=17932"}],"curies":[{"name":"wp","href":"https:\/\/api.w.org\/{rel}","templated":true}]}}