{"id":18756,"date":"2021-02-27T13:46:06","date_gmt":"2021-02-27T12:46:06","guid":{"rendered":"http:\/\/www.re-elektroshop.at\/?product=verlaengerungsstaboutdoor-beamkyklop-strahlerweiss80cm"},"modified":"2021-02-27T13:46:06","modified_gmt":"2021-02-27T12:46:06","slug":"verlaengerungsstaboutdoor-beamkyklop-strahlerweiss80cm","status":"publish","type":"product","link":"https:\/\/www.re-elektroshop.at\/?product=verlaengerungsstaboutdoor-beamkyklop-strahlerweiss80cm","title":{"rendered":"Verl\u00e4ngerungsstab,Outdoor Beam&#038;Kyklop Strahler,wei\u00df,80cm"},"content":{"rendered":"<p>LI234351&#8211;<\/p>\n<p>Wandh\u00e4lter f\u00fcr ScheinwerferZubeh\u00f6r<\/p>\n","protected":false},"excerpt":{"rendered":"<p>LI234351&#8211; Wandh\u00e4lter f\u00fcr ScheinwerferZubeh\u00f6r<\/p>\n","protected":false},"featured_media":18757,"comment_status":"closed","ping_status":"open","template":"","meta":[],"_links":{"self":[{"href":"https:\/\/www.re-elektroshop.at\/index.php?rest_route=\/wp\/v2\/product\/18756"}],"collection":[{"href":"https:\/\/www.re-elektroshop.at\/index.php?rest_route=\/wp\/v2\/product"}],"about":[{"href":"https:\/\/www.re-elektroshop.at\/index.php?rest_route=\/wp\/v2\/types\/product"}],"replies":[{"embeddable":true,"href":"https:\/\/www.re-elektroshop.at\/index.php?rest_route=%2Fwp%2Fv2%2Fcomments&post=18756"}],"wp:featuredmedia":[{"embeddable":true,"href":"https:\/\/www.re-elektroshop.at\/index.php?rest_route=\/wp\/v2\/media\/18757"}],"wp:attachment":[{"href":"https:\/\/www.re-elektroshop.at\/index.php?rest_route=%2Fwp%2Fv2%2Fmedia&parent=18756"}],"curies":[{"name":"wp","href":"https:\/\/api.w.org\/{rel}","templated":true}]}}