{"id":20671,"date":"2021-02-27T16:12:59","date_gmt":"2021-02-27T15:12:59","guid":{"rendered":"http:\/\/www.re-elektroshop.at\/?product=anschlussdose-fuer-ip-kamera-spip02fa-weiss"},"modified":"2021-02-27T16:12:59","modified_gmt":"2021-02-27T15:12:59","slug":"anschlussdose-fuer-ip-kamera-spip02fa-weiss","status":"publish","type":"product","link":"https:\/\/www.re-elektroshop.at\/?product=anschlussdose-fuer-ip-kamera-spip02fa-weiss","title":{"rendered":"Anschlussdose f\u00fcr IP Kamera SPIP02FA&#8211;, wei\u00df"},"content":{"rendered":"<p>SPJB100MBA<\/p>\n<p>Externe Kamera f\u00fcr VIPZubeh\u00f6r f\u00fcr IP-Sprechanlagen VIP<\/p>\n","protected":false},"excerpt":{"rendered":"<p>SPJB100MBA Externe Kamera f\u00fcr VIPZubeh\u00f6r f\u00fcr IP-Sprechanlagen VIP<\/p>\n","protected":false},"featured_media":20672,"comment_status":"closed","ping_status":"open","template":"","meta":[],"_links":{"self":[{"href":"https:\/\/www.re-elektroshop.at\/index.php?rest_route=\/wp\/v2\/product\/20671"}],"collection":[{"href":"https:\/\/www.re-elektroshop.at\/index.php?rest_route=\/wp\/v2\/product"}],"about":[{"href":"https:\/\/www.re-elektroshop.at\/index.php?rest_route=\/wp\/v2\/types\/product"}],"replies":[{"embeddable":true,"href":"https:\/\/www.re-elektroshop.at\/index.php?rest_route=%2Fwp%2Fv2%2Fcomments&post=20671"}],"wp:featuredmedia":[{"embeddable":true,"href":"https:\/\/www.re-elektroshop.at\/index.php?rest_route=\/wp\/v2\/media\/20672"}],"wp:attachment":[{"href":"https:\/\/www.re-elektroshop.at\/index.php?rest_route=%2Fwp%2Fv2%2Fmedia&parent=20671"}],"curies":[{"name":"wp","href":"https:\/\/api.w.org\/{rel}","templated":true}]}}