{"id":22575,"date":"2021-02-28T13:10:12","date_gmt":"2021-02-28T12:10:12","guid":{"rendered":"http:\/\/www.re-elektroshop.at\/?product=3-phasen-pendelabhaengung-metall-hoehenverstellbar-weiss"},"modified":"2021-02-28T13:10:12","modified_gmt":"2021-02-28T12:10:12","slug":"3-phasen-pendelabhaengung-metall-hoehenverstellbar-weiss","status":"publish","type":"product","link":"https:\/\/www.re-elektroshop.at\/?product=3-phasen-pendelabhaengung-metall-hoehenverstellbar-weiss","title":{"rendered":"3-Phasen Pendelabh\u00e4ngung Metall, h\u00f6henverstellbar wei\u00df"},"content":{"rendered":"","protected":false},"excerpt":{"rendered":"<p>1<\/p>\n","protected":false},"featured_media":22574,"comment_status":"open","ping_status":"closed","template":"","meta":[],"_links":{"self":[{"href":"https:\/\/www.re-elektroshop.at\/index.php?rest_route=\/wp\/v2\/product\/22575"}],"collection":[{"href":"https:\/\/www.re-elektroshop.at\/index.php?rest_route=\/wp\/v2\/product"}],"about":[{"href":"https:\/\/www.re-elektroshop.at\/index.php?rest_route=\/wp\/v2\/types\/product"}],"replies":[{"embeddable":true,"href":"https:\/\/www.re-elektroshop.at\/index.php?rest_route=%2Fwp%2Fv2%2Fcomments&post=22575"}],"wp:featuredmedia":[{"embeddable":true,"href":"https:\/\/www.re-elektroshop.at\/index.php?rest_route=\/wp\/v2\/media\/22574"}],"wp:attachment":[{"href":"https:\/\/www.re-elektroshop.at\/index.php?rest_route=%2Fwp%2Fv2%2Fmedia&parent=22575"}],"curies":[{"name":"wp","href":"https:\/\/api.w.org\/{rel}","templated":true}]}}