{"id":22938,"date":"2021-02-28T13:41:56","date_gmt":"2021-02-28T12:41:56","guid":{"rendered":"http:\/\/www.re-elektroshop.at\/?product=flexibler-deckenhalter-fuer-dachschraegen-fuer-easytec-ii-weiss"},"modified":"2021-02-28T13:41:56","modified_gmt":"2021-02-28T12:41:56","slug":"flexibler-deckenhalter-fuer-dachschraegen-fuer-easytec-ii-weiss","status":"publish","type":"product","link":"https:\/\/www.re-elektroshop.at\/?product=flexibler-deckenhalter-fuer-dachschraegen-fuer-easytec-ii-weiss","title":{"rendered":"Flexibler Deckenhalter f\u00fcr Dachschr\u00e4gen f\u00fcr EASYTEC II, wei\u00df"},"content":{"rendered":"","protected":false},"excerpt":{"rendered":"<p>1<\/p>\n","protected":false},"featured_media":22937,"comment_status":"open","ping_status":"closed","template":"","meta":[],"_links":{"self":[{"href":"https:\/\/www.re-elektroshop.at\/index.php?rest_route=\/wp\/v2\/product\/22938"}],"collection":[{"href":"https:\/\/www.re-elektroshop.at\/index.php?rest_route=\/wp\/v2\/product"}],"about":[{"href":"https:\/\/www.re-elektroshop.at\/index.php?rest_route=\/wp\/v2\/types\/product"}],"replies":[{"embeddable":true,"href":"https:\/\/www.re-elektroshop.at\/index.php?rest_route=%2Fwp%2Fv2%2Fcomments&post=22938"}],"wp:featuredmedia":[{"embeddable":true,"href":"https:\/\/www.re-elektroshop.at\/index.php?rest_route=\/wp\/v2\/media\/22937"}],"wp:attachment":[{"href":"https:\/\/www.re-elektroshop.at\/index.php?rest_route=%2Fwp%2Fv2%2Fmedia&parent=22938"}],"curies":[{"name":"wp","href":"https:\/\/api.w.org\/{rel}","templated":true}]}}