{"id":45911,"date":"2021-03-03T11:08:14","date_gmt":"2021-03-03T10:08:14","guid":{"rendered":"http:\/\/www.re-elektroshop.at\/?product=unterspannungsausloeser-zu-verzoegerungseinheit-fuer-mc1"},"modified":"2021-03-03T11:08:14","modified_gmt":"2021-03-03T10:08:14","slug":"unterspannungsausloeser-zu-verzoegerungseinheit-fuer-mc1","status":"publish","type":"product","link":"https:\/\/www.re-elektroshop.at\/?product=unterspannungsausloeser-zu-verzoegerungseinheit-fuer-mc1","title":{"rendered":"Unterspannungsausl\u00f6ser zu Verz\u00f6gerungseinheit f\u00fcr MC1"},"content":{"rendered":"","protected":false},"excerpt":{"rendered":"<p>1<\/p>\n","protected":false},"featured_media":45910,"comment_status":"open","ping_status":"closed","template":"","meta":[],"_links":{"self":[{"href":"https:\/\/www.re-elektroshop.at\/index.php?rest_route=\/wp\/v2\/product\/45911"}],"collection":[{"href":"https:\/\/www.re-elektroshop.at\/index.php?rest_route=\/wp\/v2\/product"}],"about":[{"href":"https:\/\/www.re-elektroshop.at\/index.php?rest_route=\/wp\/v2\/types\/product"}],"replies":[{"embeddable":true,"href":"https:\/\/www.re-elektroshop.at\/index.php?rest_route=%2Fwp%2Fv2%2Fcomments&post=45911"}],"wp:featuredmedia":[{"embeddable":true,"href":"https:\/\/www.re-elektroshop.at\/index.php?rest_route=\/wp\/v2\/media\/45910"}],"wp:attachment":[{"href":"https:\/\/www.re-elektroshop.at\/index.php?rest_route=%2Fwp%2Fv2%2Fmedia&parent=45911"}],"curies":[{"name":"wp","href":"https:\/\/api.w.org\/{rel}","templated":true}]}}