{"id":48346,"date":"2021-03-04T15:04:08","date_gmt":"2021-03-04T14:04:08","guid":{"rendered":"http:\/\/www.re-elektroshop.at\/?product=zaehlergeruest-mit-1-zaehlerplatz-ohne-einbauten"},"modified":"2021-03-04T15:04:08","modified_gmt":"2021-03-04T14:04:08","slug":"zaehlergeruest-mit-1-zaehlerplatz-ohne-einbauten","status":"publish","type":"product","link":"https:\/\/www.re-elektroshop.at\/?product=zaehlergeruest-mit-1-zaehlerplatz-ohne-einbauten","title":{"rendered":"Z\u00e4hlerger\u00fcst mit 1 Z\u00e4hlerplatz &#8211; ohne Einbauten"},"content":{"rendered":"","protected":false},"excerpt":{"rendered":"<p>1<\/p>\n","protected":false},"featured_media":48345,"comment_status":"open","ping_status":"closed","template":"","meta":[],"_links":{"self":[{"href":"https:\/\/www.re-elektroshop.at\/index.php?rest_route=\/wp\/v2\/product\/48346"}],"collection":[{"href":"https:\/\/www.re-elektroshop.at\/index.php?rest_route=\/wp\/v2\/product"}],"about":[{"href":"https:\/\/www.re-elektroshop.at\/index.php?rest_route=\/wp\/v2\/types\/product"}],"replies":[{"embeddable":true,"href":"https:\/\/www.re-elektroshop.at\/index.php?rest_route=%2Fwp%2Fv2%2Fcomments&post=48346"}],"wp:featuredmedia":[{"embeddable":true,"href":"https:\/\/www.re-elektroshop.at\/index.php?rest_route=\/wp\/v2\/media\/48345"}],"wp:attachment":[{"href":"https:\/\/www.re-elektroshop.at\/index.php?rest_route=%2Fwp%2Fv2%2Fmedia&parent=48346"}],"curies":[{"name":"wp","href":"https:\/\/api.w.org\/{rel}","templated":true}]}}