{"id":48356,"date":"2021-03-04T15:04:27","date_gmt":"2021-03-04T14:04:27","guid":{"rendered":"http:\/\/www.re-elektroshop.at\/?product=plombierkappenset-fuer-zaehlergeruest"},"modified":"2021-03-04T15:04:27","modified_gmt":"2021-03-04T14:04:27","slug":"plombierkappenset-fuer-zaehlergeruest","status":"publish","type":"product","link":"https:\/\/www.re-elektroshop.at\/?product=plombierkappenset-fuer-zaehlergeruest","title":{"rendered":"Plombierkappenset f\u00fcr Z\u00e4hlerger\u00fcst"},"content":{"rendered":"","protected":false},"excerpt":{"rendered":"<p>1<\/p>\n","protected":false},"featured_media":48355,"comment_status":"open","ping_status":"closed","template":"","meta":[],"_links":{"self":[{"href":"https:\/\/www.re-elektroshop.at\/index.php?rest_route=\/wp\/v2\/product\/48356"}],"collection":[{"href":"https:\/\/www.re-elektroshop.at\/index.php?rest_route=\/wp\/v2\/product"}],"about":[{"href":"https:\/\/www.re-elektroshop.at\/index.php?rest_route=\/wp\/v2\/types\/product"}],"replies":[{"embeddable":true,"href":"https:\/\/www.re-elektroshop.at\/index.php?rest_route=%2Fwp%2Fv2%2Fcomments&post=48356"}],"wp:featuredmedia":[{"embeddable":true,"href":"https:\/\/www.re-elektroshop.at\/index.php?rest_route=\/wp\/v2\/media\/48355"}],"wp:attachment":[{"href":"https:\/\/www.re-elektroshop.at\/index.php?rest_route=%2Fwp%2Fv2%2Fmedia&parent=48356"}],"curies":[{"name":"wp","href":"https:\/\/api.w.org\/{rel}","templated":true}]}}