{"id":51882,"date":"2021-03-04T15:57:32","date_gmt":"2021-03-04T14:57:32","guid":{"rendered":"http:\/\/www.re-elektroshop.at\/?product=einlegeschild-al-gebuerstet-fuer-beschr-auf-der-rueckseite"},"modified":"2021-03-04T15:57:32","modified_gmt":"2021-03-04T14:57:32","slug":"einlegeschild-al-gebuerstet-fuer-beschr-auf-der-rueckseite","status":"publish","type":"product","link":"https:\/\/www.re-elektroshop.at\/?product=einlegeschild-al-gebuerstet-fuer-beschr-auf-der-rueckseite","title":{"rendered":"Einlegeschild Al geb\u00fcrstet f\u00fcr Beschr. auf der R\u00fcckseite"},"content":{"rendered":"","protected":false},"excerpt":{"rendered":"<p>1<\/p>\n","protected":false},"featured_media":51881,"comment_status":"open","ping_status":"closed","template":"","meta":[],"_links":{"self":[{"href":"https:\/\/www.re-elektroshop.at\/index.php?rest_route=\/wp\/v2\/product\/51882"}],"collection":[{"href":"https:\/\/www.re-elektroshop.at\/index.php?rest_route=\/wp\/v2\/product"}],"about":[{"href":"https:\/\/www.re-elektroshop.at\/index.php?rest_route=\/wp\/v2\/types\/product"}],"replies":[{"embeddable":true,"href":"https:\/\/www.re-elektroshop.at\/index.php?rest_route=%2Fwp%2Fv2%2Fcomments&post=51882"}],"wp:featuredmedia":[{"embeddable":true,"href":"https:\/\/www.re-elektroshop.at\/index.php?rest_route=\/wp\/v2\/media\/51881"}],"wp:attachment":[{"href":"https:\/\/www.re-elektroshop.at\/index.php?rest_route=%2Fwp%2Fv2%2Fmedia&parent=51882"}],"curies":[{"name":"wp","href":"https:\/\/api.w.org\/{rel}","templated":true}]}}