{"id":54898,"date":"2021-03-04T17:53:31","date_gmt":"2021-03-04T16:53:31","guid":{"rendered":"http:\/\/www.re-elektroshop.at\/?product=pendelabhaengung-fuer-s-track-3p-schiene-weiss-100cm"},"modified":"2021-03-04T17:53:31","modified_gmt":"2021-03-04T16:53:31","slug":"pendelabhaengung-fuer-s-track-3p-schiene-weiss-100cm","status":"publish","type":"product","link":"https:\/\/www.re-elektroshop.at\/?product=pendelabhaengung-fuer-s-track-3p-schiene-weiss-100cm","title":{"rendered":"Pendelabh\u00e4ngung f\u00fcr S-TRACK 3P.-Schiene, wei\u00df, 100cm"},"content":{"rendered":"","protected":false},"excerpt":{"rendered":"<p>1<\/p>\n","protected":false},"featured_media":54897,"comment_status":"open","ping_status":"closed","template":"","meta":[],"_links":{"self":[{"href":"https:\/\/www.re-elektroshop.at\/index.php?rest_route=\/wp\/v2\/product\/54898"}],"collection":[{"href":"https:\/\/www.re-elektroshop.at\/index.php?rest_route=\/wp\/v2\/product"}],"about":[{"href":"https:\/\/www.re-elektroshop.at\/index.php?rest_route=\/wp\/v2\/types\/product"}],"replies":[{"embeddable":true,"href":"https:\/\/www.re-elektroshop.at\/index.php?rest_route=%2Fwp%2Fv2%2Fcomments&post=54898"}],"wp:featuredmedia":[{"embeddable":true,"href":"https:\/\/www.re-elektroshop.at\/index.php?rest_route=\/wp\/v2\/media\/54897"}],"wp:attachment":[{"href":"https:\/\/www.re-elektroshop.at\/index.php?rest_route=%2Fwp%2Fv2%2Fmedia&parent=54898"}],"curies":[{"name":"wp","href":"https:\/\/api.w.org\/{rel}","templated":true}]}}