{"id":56730,"date":"2021-03-05T11:13:26","date_gmt":"2021-03-05T10:13:26","guid":{"rendered":"http:\/\/www.re-elektroshop.at\/?product=binaerausgabegeraet-2-x-ac-230-v-10a-haengebuegel-bti-buchse"},"modified":"2021-06-10T10:58:46","modified_gmt":"2021-06-10T08:58:46","slug":"binaerausgabegeraet-2-x-ac-230-v-10a-haengebuegel-bti-buchse","status":"publish","type":"product","link":"https:\/\/www.re-elektroshop.at\/?product=binaerausgabegeraet-2-x-ac-230-v-10a-haengebuegel-bti-buchse","title":{"rendered":"Bin\u00e4rausgabeger\u00e4t, 2 x AC 230 V, 10A, H\u00e4ngeb\u00fcgel, BTI-Buchse"},"content":{"rendered":"","protected":false},"excerpt":{"rendered":"<p>1<\/p>\n","protected":false},"featured_media":56729,"comment_status":"open","ping_status":"closed","template":"","meta":[],"_links":{"self":[{"href":"https:\/\/www.re-elektroshop.at\/index.php?rest_route=\/wp\/v2\/product\/56730"}],"collection":[{"href":"https:\/\/www.re-elektroshop.at\/index.php?rest_route=\/wp\/v2\/product"}],"about":[{"href":"https:\/\/www.re-elektroshop.at\/index.php?rest_route=\/wp\/v2\/types\/product"}],"replies":[{"embeddable":true,"href":"https:\/\/www.re-elektroshop.at\/index.php?rest_route=%2Fwp%2Fv2%2Fcomments&post=56730"}],"wp:featuredmedia":[{"embeddable":true,"href":"https:\/\/www.re-elektroshop.at\/index.php?rest_route=\/wp\/v2\/media\/56729"}],"wp:attachment":[{"href":"https:\/\/www.re-elektroshop.at\/index.php?rest_route=%2Fwp%2Fv2%2Fmedia&parent=56730"}],"curies":[{"name":"wp","href":"https:\/\/api.w.org\/{rel}","templated":true}]}}