{"id":57136,"date":"2021-03-05T11:25:05","date_gmt":"2021-03-05T10:25:05","guid":{"rendered":"http:\/\/www.re-elektroshop.at\/?product=anschlusslasche-fuer-vk-400-fuer-m12"},"modified":"2021-03-05T11:25:05","modified_gmt":"2021-03-05T10:25:05","slug":"anschlusslasche-fuer-vk-400-fuer-m12","status":"publish","type":"product","link":"https:\/\/www.re-elektroshop.at\/?product=anschlusslasche-fuer-vk-400-fuer-m12","title":{"rendered":"Anschlu\u00dflasche f\u00fcr VK 400 f\u00fcr M12"},"content":{"rendered":"","protected":false},"excerpt":{"rendered":"<p>1<\/p>\n","protected":false},"featured_media":57135,"comment_status":"open","ping_status":"closed","template":"","meta":[],"_links":{"self":[{"href":"https:\/\/www.re-elektroshop.at\/index.php?rest_route=\/wp\/v2\/product\/57136"}],"collection":[{"href":"https:\/\/www.re-elektroshop.at\/index.php?rest_route=\/wp\/v2\/product"}],"about":[{"href":"https:\/\/www.re-elektroshop.at\/index.php?rest_route=\/wp\/v2\/types\/product"}],"replies":[{"embeddable":true,"href":"https:\/\/www.re-elektroshop.at\/index.php?rest_route=%2Fwp%2Fv2%2Fcomments&post=57136"}],"wp:featuredmedia":[{"embeddable":true,"href":"https:\/\/www.re-elektroshop.at\/index.php?rest_route=\/wp\/v2\/media\/57135"}],"wp:attachment":[{"href":"https:\/\/www.re-elektroshop.at\/index.php?rest_route=%2Fwp%2Fv2%2Fmedia&parent=57136"}],"curies":[{"name":"wp","href":"https:\/\/api.w.org\/{rel}","templated":true}]}}