{"id":57866,"date":"2021-03-05T11:48:20","date_gmt":"2021-03-05T10:48:20","guid":{"rendered":"http:\/\/www.re-elektroshop.at\/?product=prismenklemme-10-70mm%c2%b2-fuer-groesse-00"},"modified":"2021-03-05T11:48:20","modified_gmt":"2021-03-05T10:48:20","slug":"prismenklemme-10-70mm%c2%b2-fuer-groesse-00","status":"publish","type":"product","link":"https:\/\/www.re-elektroshop.at\/?product=prismenklemme-10-70mm%c2%b2-fuer-groesse-00","title":{"rendered":"Prismenklemme 10 &#8211; 70mm\u00b2 f\u00fcr Gr\u00f6\u00dfe 00"},"content":{"rendered":"","protected":false},"excerpt":{"rendered":"<p>1<\/p>\n","protected":false},"featured_media":57865,"comment_status":"open","ping_status":"closed","template":"","meta":[],"_links":{"self":[{"href":"https:\/\/www.re-elektroshop.at\/index.php?rest_route=\/wp\/v2\/product\/57866"}],"collection":[{"href":"https:\/\/www.re-elektroshop.at\/index.php?rest_route=\/wp\/v2\/product"}],"about":[{"href":"https:\/\/www.re-elektroshop.at\/index.php?rest_route=\/wp\/v2\/types\/product"}],"replies":[{"embeddable":true,"href":"https:\/\/www.re-elektroshop.at\/index.php?rest_route=%2Fwp%2Fv2%2Fcomments&post=57866"}],"wp:featuredmedia":[{"embeddable":true,"href":"https:\/\/www.re-elektroshop.at\/index.php?rest_route=\/wp\/v2\/media\/57865"}],"wp:attachment":[{"href":"https:\/\/www.re-elektroshop.at\/index.php?rest_route=%2Fwp%2Fv2%2Fmedia&parent=57866"}],"curies":[{"name":"wp","href":"https:\/\/api.w.org\/{rel}","templated":true}]}}