{"id":58195,"date":"2021-03-05T11:52:24","date_gmt":"2021-03-05T10:52:24","guid":{"rendered":"http:\/\/www.re-elektroshop.at\/?product=nh-reitertrenner-groesse-1-250a-fuer-100mm-system-m10"},"modified":"2021-03-05T11:52:24","modified_gmt":"2021-03-05T10:52:24","slug":"nh-reitertrenner-groesse-1-250a-fuer-100mm-system-m10","status":"publish","type":"product","link":"https:\/\/www.re-elektroshop.at\/?product=nh-reitertrenner-groesse-1-250a-fuer-100mm-system-m10","title":{"rendered":"NH-Reitertrenner, Gr\u00f6\u00dfe 1, 250A, f\u00fcr 100mm System, M10"},"content":{"rendered":"","protected":false},"excerpt":{"rendered":"<p>1<\/p>\n","protected":false},"featured_media":58194,"comment_status":"open","ping_status":"closed","template":"","meta":[],"_links":{"self":[{"href":"https:\/\/www.re-elektroshop.at\/index.php?rest_route=\/wp\/v2\/product\/58195"}],"collection":[{"href":"https:\/\/www.re-elektroshop.at\/index.php?rest_route=\/wp\/v2\/product"}],"about":[{"href":"https:\/\/www.re-elektroshop.at\/index.php?rest_route=\/wp\/v2\/types\/product"}],"replies":[{"embeddable":true,"href":"https:\/\/www.re-elektroshop.at\/index.php?rest_route=%2Fwp%2Fv2%2Fcomments&post=58195"}],"wp:featuredmedia":[{"embeddable":true,"href":"https:\/\/www.re-elektroshop.at\/index.php?rest_route=\/wp\/v2\/media\/58194"}],"wp:attachment":[{"href":"https:\/\/www.re-elektroshop.at\/index.php?rest_route=%2Fwp%2Fv2%2Fmedia&parent=58195"}],"curies":[{"name":"wp","href":"https:\/\/api.w.org\/{rel}","templated":true}]}}