{"id":58676,"date":"2021-03-05T12:07:47","date_gmt":"2021-03-05T11:07:47","guid":{"rendered":"http:\/\/www.re-elektroshop.at\/?product=sicherungseinsatz-aehnlich-groesse-4-800a-400vac"},"modified":"2021-03-05T12:07:47","modified_gmt":"2021-03-05T11:07:47","slug":"sicherungseinsatz-aehnlich-groesse-4-800a-400vac","status":"publish","type":"product","link":"https:\/\/www.re-elektroshop.at\/?product=sicherungseinsatz-aehnlich-groesse-4-800a-400vac","title":{"rendered":"Sicherungseinsatz, \u00e4hnlich Gr\u00f6\u00dfe 4, 800A, 400VAC"},"content":{"rendered":"","protected":false},"excerpt":{"rendered":"<p>1<\/p>\n","protected":false},"featured_media":58675,"comment_status":"open","ping_status":"closed","template":"","meta":[],"_links":{"self":[{"href":"https:\/\/www.re-elektroshop.at\/index.php?rest_route=\/wp\/v2\/product\/58676"}],"collection":[{"href":"https:\/\/www.re-elektroshop.at\/index.php?rest_route=\/wp\/v2\/product"}],"about":[{"href":"https:\/\/www.re-elektroshop.at\/index.php?rest_route=\/wp\/v2\/types\/product"}],"replies":[{"embeddable":true,"href":"https:\/\/www.re-elektroshop.at\/index.php?rest_route=%2Fwp%2Fv2%2Fcomments&post=58676"}],"wp:featuredmedia":[{"embeddable":true,"href":"https:\/\/www.re-elektroshop.at\/index.php?rest_route=\/wp\/v2\/media\/58675"}],"wp:attachment":[{"href":"https:\/\/www.re-elektroshop.at\/index.php?rest_route=%2Fwp%2Fv2%2Fmedia&parent=58676"}],"curies":[{"name":"wp","href":"https:\/\/api.w.org\/{rel}","templated":true}]}}