{"id":66067,"date":"2021-03-05T15:49:42","date_gmt":"2021-03-05T14:49:42","guid":{"rendered":"http:\/\/www.re-elektroshop.at\/?product=buersteneinsatz-fuer-rueckwand-standschrank-ds-dsz-370x90mm-sw"},"modified":"2021-06-09T11:00:58","modified_gmt":"2021-06-09T09:00:58","slug":"buersteneinsatz-fuer-rueckwand-standschrank-ds-dsz-370x90mm-sw","status":"publish","type":"product","link":"https:\/\/www.re-elektroshop.at\/?product=buersteneinsatz-fuer-rueckwand-standschrank-ds-dsz-370x90mm-sw","title":{"rendered":"B\u00fcrsteneinsatz f\u00fcr R\u00fcckwand Standschrank DS\/DSZ 370x90mm, sw"},"content":{"rendered":"","protected":false},"excerpt":{"rendered":"<p>1<\/p>\n","protected":false},"featured_media":66066,"comment_status":"open","ping_status":"closed","template":"","meta":[],"_links":{"self":[{"href":"https:\/\/www.re-elektroshop.at\/index.php?rest_route=\/wp\/v2\/product\/66067"}],"collection":[{"href":"https:\/\/www.re-elektroshop.at\/index.php?rest_route=\/wp\/v2\/product"}],"about":[{"href":"https:\/\/www.re-elektroshop.at\/index.php?rest_route=\/wp\/v2\/types\/product"}],"replies":[{"embeddable":true,"href":"https:\/\/www.re-elektroshop.at\/index.php?rest_route=%2Fwp%2Fv2%2Fcomments&post=66067"}],"wp:featuredmedia":[{"embeddable":true,"href":"https:\/\/www.re-elektroshop.at\/index.php?rest_route=\/wp\/v2\/media\/66066"}],"wp:attachment":[{"href":"https:\/\/www.re-elektroshop.at\/index.php?rest_route=%2Fwp%2Fv2%2Fmedia&parent=66067"}],"curies":[{"name":"wp","href":"https:\/\/api.w.org\/{rel}","templated":true}]}}