{"id":74697,"date":"2021-03-08T14:47:53","date_gmt":"2021-03-08T13:47:53","guid":{"rendered":"http:\/\/www.re-elektroshop.at\/?product=canalello-35w-aussen-gruen-ral6017-innen-weiss-matt-ip20"},"modified":"2021-03-08T14:47:53","modified_gmt":"2021-03-08T13:47:53","slug":"canalello-35w-aussen-gruen-ral6017-innen-weiss-matt-ip20","status":"publish","type":"product","link":"https:\/\/www.re-elektroshop.at\/?product=canalello-35w-aussen-gruen-ral6017-innen-weiss-matt-ip20","title":{"rendered":"Canalello 35W au\u00dfen gr\u00fcn (RAL6017), innen wei\u00df matt IP20"},"content":{"rendered":"","protected":false},"excerpt":{"rendered":"<p>1<\/p>\n","protected":false},"featured_media":74696,"comment_status":"open","ping_status":"closed","template":"","meta":[],"_links":{"self":[{"href":"https:\/\/www.re-elektroshop.at\/index.php?rest_route=\/wp\/v2\/product\/74697"}],"collection":[{"href":"https:\/\/www.re-elektroshop.at\/index.php?rest_route=\/wp\/v2\/product"}],"about":[{"href":"https:\/\/www.re-elektroshop.at\/index.php?rest_route=\/wp\/v2\/types\/product"}],"replies":[{"embeddable":true,"href":"https:\/\/www.re-elektroshop.at\/index.php?rest_route=%2Fwp%2Fv2%2Fcomments&post=74697"}],"wp:featuredmedia":[{"embeddable":true,"href":"https:\/\/www.re-elektroshop.at\/index.php?rest_route=\/wp\/v2\/media\/74696"}],"wp:attachment":[{"href":"https:\/\/www.re-elektroshop.at\/index.php?rest_route=%2Fwp%2Fv2%2Fmedia&parent=74697"}],"curies":[{"name":"wp","href":"https:\/\/api.w.org\/{rel}","templated":true}]}}