{"id":8997,"date":"2021-02-26T17:25:17","date_gmt":"2021-02-26T16:25:17","guid":{"rendered":"http:\/\/www.re-elektroshop.at\/?product=leistungsschuetz-55kw-14a-ac3-25a-ac1-3polig-1s-400vac-2"},"modified":"2021-02-26T17:25:26","modified_gmt":"2021-02-26T16:25:26","slug":"leistungsschuetz-55kw-14a-ac3-25a-ac1-3polig-1s-400vac-2","status":"publish","type":"product","link":"https:\/\/www.re-elektroshop.at\/?product=leistungsschuetz-55kw-14a-ac3-25a-ac1-3polig-1s-400vac-2","title":{"rendered":"Leistungssch\u00fctz, 5,5kW, 14A AC3, 25A AC1, 3polig, 1S, 400VAC"},"content":{"rendered":"<p>LA301414N-<\/p>\n<p>Leistungssch\u00fctze LA, Baugr\u00f6\u00dfe 3, 4 &#8211; 18,5kWElektromechanische Sch\u00fctze Serie LA<\/p>\n","protected":false},"excerpt":{"rendered":"<p>LA301414N- Leistungssch\u00fctze LA, Baugr\u00f6\u00dfe 3, 4 &#8211; 18,5kWElektromechanische Sch\u00fctze Serie LA<\/p>\n","protected":false},"featured_media":8998,"comment_status":"closed","ping_status":"open","template":"","meta":[],"_links":{"self":[{"href":"https:\/\/www.re-elektroshop.at\/index.php?rest_route=\/wp\/v2\/product\/8997"}],"collection":[{"href":"https:\/\/www.re-elektroshop.at\/index.php?rest_route=\/wp\/v2\/product"}],"about":[{"href":"https:\/\/www.re-elektroshop.at\/index.php?rest_route=\/wp\/v2\/types\/product"}],"replies":[{"embeddable":true,"href":"https:\/\/www.re-elektroshop.at\/index.php?rest_route=%2Fwp%2Fv2%2Fcomments&post=8997"}],"wp:featuredmedia":[{"embeddable":true,"href":"https:\/\/www.re-elektroshop.at\/index.php?rest_route=\/wp\/v2\/media\/8998"}],"wp:attachment":[{"href":"https:\/\/www.re-elektroshop.at\/index.php?rest_route=%2Fwp%2Fv2%2Fmedia&parent=8997"}],"curies":[{"name":"wp","href":"https:\/\/api.w.org\/{rel}","templated":true}]}}