{"id":9562,"date":"2021-02-26T17:30:18","date_gmt":"2021-02-26T16:30:18","guid":{"rendered":"http:\/\/www.re-elektroshop.at\/?product=leistungsschuetz-30-kw-62a-ac3-120a-ac1-4polig-230vac-2"},"modified":"2021-02-26T17:30:44","modified_gmt":"2021-02-26T16:30:44","slug":"leistungsschuetz-30-kw-62a-ac3-120a-ac1-4polig-230vac-2","status":"publish","type":"product","link":"https:\/\/www.re-elektroshop.at\/?product=leistungsschuetz-30-kw-62a-ac3-120a-ac1-4polig-230vac-2","title":{"rendered":"Leistungssch\u00fctz 30 kW, 62A AC3, 120A AC1, 4polig, 230VAC"},"content":{"rendered":"<p>LA306243&#8211;<\/p>\n<p>Leistungssch\u00fctze LA, Baugr\u00f6\u00dfe 2Elektromechanische Sch\u00fctze Serie LA<\/p>\n","protected":false},"excerpt":{"rendered":"<p>LA306243&#8211; Leistungssch\u00fctze LA, Baugr\u00f6\u00dfe 2Elektromechanische Sch\u00fctze Serie LA<\/p>\n","protected":false},"featured_media":9563,"comment_status":"closed","ping_status":"open","template":"","meta":[],"_links":{"self":[{"href":"https:\/\/www.re-elektroshop.at\/index.php?rest_route=\/wp\/v2\/product\/9562"}],"collection":[{"href":"https:\/\/www.re-elektroshop.at\/index.php?rest_route=\/wp\/v2\/product"}],"about":[{"href":"https:\/\/www.re-elektroshop.at\/index.php?rest_route=\/wp\/v2\/types\/product"}],"replies":[{"embeddable":true,"href":"https:\/\/www.re-elektroshop.at\/index.php?rest_route=%2Fwp%2Fv2%2Fcomments&post=9562"}],"wp:featuredmedia":[{"embeddable":true,"href":"https:\/\/www.re-elektroshop.at\/index.php?rest_route=\/wp\/v2\/media\/9563"}],"wp:attachment":[{"href":"https:\/\/www.re-elektroshop.at\/index.php?rest_route=%2Fwp%2Fv2%2Fmedia&parent=9562"}],"curies":[{"name":"wp","href":"https:\/\/api.w.org\/{rel}","templated":true}]}}