{"id":9730,"date":"2021-02-26T17:33:19","date_gmt":"2021-02-26T16:33:19","guid":{"rendered":"http:\/\/www.re-elektroshop.at\/?product=leistungsschuetz-11kw-22a-ac3-32a-ac1-3polig-1oe-24vdc-2"},"modified":"2021-02-26T17:34:03","modified_gmt":"2021-02-26T16:34:03","slug":"leistungsschuetz-11kw-22a-ac3-32a-ac1-3polig-1oe-24vdc-2","status":"publish","type":"product","link":"https:\/\/www.re-elektroshop.at\/?product=leistungsschuetz-11kw-22a-ac3-32a-ac1-3polig-1oe-24vdc-2","title":{"rendered":"Leistungssch\u00fctz, 11kW, 22A AC3, 32A AC1, 3polig, 1\u00d6, 24VDC"},"content":{"rendered":"<p>LA402225&#8211;<\/p>\n<p>Leistungssch\u00fctze LA, Baugr\u00f6\u00dfe 4, speziell f\u00fcr programmierbare SteuerungenElektromechanische Sch\u00fctze Serie LA<\/p>\n","protected":false},"excerpt":{"rendered":"<p>LA402225&#8211; Leistungssch\u00fctze LA, Baugr\u00f6\u00dfe 4, speziell f\u00fcr programmierbare SteuerungenElektromechanische Sch\u00fctze Serie LA<\/p>\n","protected":false},"featured_media":9731,"comment_status":"closed","ping_status":"open","template":"","meta":[],"_links":{"self":[{"href":"https:\/\/www.re-elektroshop.at\/index.php?rest_route=\/wp\/v2\/product\/9730"}],"collection":[{"href":"https:\/\/www.re-elektroshop.at\/index.php?rest_route=\/wp\/v2\/product"}],"about":[{"href":"https:\/\/www.re-elektroshop.at\/index.php?rest_route=\/wp\/v2\/types\/product"}],"replies":[{"embeddable":true,"href":"https:\/\/www.re-elektroshop.at\/index.php?rest_route=%2Fwp%2Fv2%2Fcomments&post=9730"}],"wp:featuredmedia":[{"embeddable":true,"href":"https:\/\/www.re-elektroshop.at\/index.php?rest_route=\/wp\/v2\/media\/9731"}],"wp:attachment":[{"href":"https:\/\/www.re-elektroshop.at\/index.php?rest_route=%2Fwp%2Fv2%2Fmedia&parent=9730"}],"curies":[{"name":"wp","href":"https:\/\/api.w.org\/{rel}","templated":true}]}}